{"id":6,"date":"2021-08-02T03:31:56","date_gmt":"2021-08-02T01:31:56","guid":{"rendered":"https:\/\/arpe5.fr\/?page_id=1"},"modified":"2023-05-19T01:25:25","modified_gmt":"2023-05-18T23:25:25","slug":"politique-de-confidentialite-2","status":"publish","type":"page","link":"https:\/\/arpe5.fr\/?page_id=6","title":{"rendered":"Politique de confidentialit\u00e9"},"content":{"rendered":"\n<h2 class=\"wp-block-heading\"><meta http-equiv=\"content-type\" content=\"text\/html; charset=utf-8\">Quand vous visitez mon site, les donn\u00e9es inscrites dans le formulaire de commentaire, mais aussi votre adresse IP, l\u2019agent utilisateur de votre navigateur sont collect\u00e9s pour aider \u00e0 conna\u00eetre mon audience et <span class=\"has-inline-color has-vivid-red-color\">on a tous compris que c&rsquo;est le genre de page typique pour simplement dire que je suis en r\u00e8gle avec les lois du pays.<\/span><\/h2>\n\n\n\n<p>Soyons direct. Je vais vous dire ce qu&rsquo;il faut savoir en moins de 5 minutes chrono. Ce blog <strong>WordPress<\/strong> fait partie des plus basiques des blogs <strong>WordPress<\/strong> existantes au monde. C&rsquo;est juste qu&rsquo;il est beau de son th\u00e8me <a href=\"https:\/\/wordpress.org\/themes\/nisarg\/\">Nisarg<\/a> qui existe dans le catalogue officiel des th\u00e8mes <strong>WordPress<\/strong>. Il n&rsquo;y a que 4 extensions qui sont install\u00e9es sur ce blog dont 2 peuvent potentiellement revendre votre vie priv\u00e9e.<\/p>\n\n\n\n<h2 class=\"wp-block-heading\" id=\"LES-EXTENSIONS-POUR-D\u00c9RANGER-LE-GOUVERNEMENT-AINSI-QUE-VOUS\"><meta http-equiv=\"content-type\" content=\"text\/html; charset=utf-8\">LES EXTENSIONS POUR D\u00c9RANGER LE GOUVERNEMENT AINSI QUE VOUS !<\/h2>\n\n\n\n<ul class=\"wp-block-list\">\n<li><strong><span class=\"has-inline-color has-vivid-red-color\">Matomo<\/span><\/strong> : les points \u00e0 savoir sont les suivants :\n<ul class=\"wp-block-list\">\n<li><strong><mark style=\"background-color:rgba(0, 0, 0, 0)\" class=\"has-inline-color has-vivid-red-color\">Votre adresse IP \u00e0 3 octets pr\u00e8s<\/mark><\/strong> est enregistr\u00e9 \u00e0 des fins statistiques. Prenons un exemple : l&rsquo;adresse IP de ce serveur est le 194.87.217.118. Votre adresse IP est anonymis\u00e9 (c&rsquo;est-\u00e0-dire impossible \u00e0 vous retrouver ou du moins difficilement) si c&rsquo;est le <strong>194.87.217.<mark style=\"background-color:rgba(0, 0, 0, 0)\" class=\"has-inline-color has-vivid-red-color\">000<\/mark><\/strong> soit <strong>255 combinaisons possibles<\/strong> pour vous retrouver sachant que 194.87.217.001 pourrait correspondre \u00e0 l&rsquo;adresse d&rsquo;une personne qui n&rsquo;a rien \u00e0 voir (du tout) avec vous en personne. <strong>Autrement dit, <\/strong>comme l&rsquo;adresse IP enregistr\u00e9e sera le 194.87.217.000 cela veut dire que 1 personne sur 255 doit \u00eatre vous qui a consult\u00e9 ce blog. Donc tout va bien finalement ! C&rsquo;est <strong>anonyme<\/strong> comme utilisation. En ce qui concerne les fameux fins statistiques, <strong>je r\u00e9colte seulement le pays et la ville.<\/strong><\/li>\n\n\n\n<li><strong><span class=\"has-inline-color has-vivid-red-color\">Les pages que vous visitez<\/span><\/strong> <em>(c&rsquo;est une \u00e9vidence de toute mani\u00e8re mais cela ne manque \u00e0 personne de le rappeler)<\/em> sont enregistr\u00e9es \u00e0 des fins statistiques. Cela me permettra \u00e0 moi de savoir quels sont mes articles les plus consult\u00e9s par les visiteurs.<\/li>\n\n\n\n<li><strong><span class=\"has-inline-color has-vivid-red-color\">Votre navigateur internet ainsi que sa version<\/span><\/strong> sont enregistr\u00e9s \u00e0 des fins statistiques. <strong>Qui est le meilleur navigateur entre un Google chrom\u00e9 et un renard en feu ?<\/strong> Montrez-moi \u00e0 quel point vous aimez votre compagnon internet ! Et pour les autres qui poss\u00e8dent des esp\u00e8ces encore plus exotique qu&rsquo;un renard en feu ou un Google chrom\u00e9, foncez-y sans h\u00e9siter ! C&rsquo;est bon pour les comptes du blog !<\/li>\n\n\n\n<li><strong><span class=\"has-inline-color has-vivid-red-color\">Le site internet d&rsquo;o\u00f9 vous venez<\/span><\/strong> est enregistr\u00e9 \u00e0 des fins statistiques. Dit comme \u00e7a c&rsquo;est vague mais cela peut \u00eatre votre moteur de recherche aussi bien que le lien que vous avez cliqu\u00e9 venant d&rsquo;un forum d&rsquo;un fanclub sur Arpe5. En temps normal, je m&rsquo;attendrai \u00e0 voir des r\u00e9sultats venant d&rsquo;un moteur de recherche, Twitter ou YouTube mais je pourrai \u00eatre surpris de votre provenance <strong><em>(internet et pas physique pour les guignols)<\/em><\/strong> !<\/li>\n<\/ul>\n<\/li>\n<\/ul>\n\n\n\n<p><strong><span class=\"has-inline-color has-vivid-red-color\">Et rien d&rsquo;autres pour ce qui concerne les statistiques de ce blog ! Promis, jur\u00e9, crach\u00e9 !<\/span><\/strong><\/p>\n\n\n\n<h2 class=\"wp-block-heading\" id=\"LES-GENTILS-EXTENSIONS-POUR-VOUS-ET-LE-GOUVERNEMENT\">LES GENTILS EXTENSIONS POUR VOUS ET LE GOUVERNEMENT.<\/h2>\n\n\n\n<ul class=\"wp-block-list\">\n<li><strong><span class=\"has-inline-color has-vivid-red-color\">SEOPress<\/span><\/strong> : c&rsquo;est mon outil pr\u00e9f\u00e9r\u00e9 pour am\u00e9liorer la visibilit\u00e9 de mon blog aupr\u00e8s de vos moteurs de recherches. Cette extension ne collecte aucune donn\u00e9e personnelle <em>(et si des donn\u00e9es personnelles devaient \u00eatre collect\u00e9es cela viendra de toute mani\u00e8re de Matomo)<\/em> et cela ne lui int\u00e9resse m\u00eame pas pour vous dire franche !<\/li>\n\n\n\n<li><strong><span class=\"has-inline-color has-vivid-red-color\">Limit Login Attempts Reloaded<\/span><\/strong> : avis \u00e0 tous ceux qui osent un piratage sur <strong>WordPress<\/strong> : cette extension vous attrapera et <strong>votre vie priv\u00e9e sera une vie <span class=\"has-inline-color has-vivid-red-color\">publique<\/span> !<\/strong> Cela ne devrait <strong><span class=\"has-inline-color has-vivid-red-color\">JAMAIS<\/span><\/strong> vous concerner mais c&rsquo;est l\u00e0 pour vous avertir qu&rsquo;elle existe et qu&rsquo;elle surveille les tentatives d&rsquo;intrusions. <strong>Seuls les pirates (informatiques) en seront les victimes.<\/strong> En dehors, cette extension ne collecte pas de donn\u00e9es personnelles et <strong><span class=\"has-inline-color has-vivid-red-color\">vous ne le verrez jamais en action<\/span><\/strong> <strong>(je rappelle encore une fois que c&rsquo;est les <span class=\"has-inline-color has-vivid-red-color\">pirates informatiques<\/span> qui les verront en action contre eux et pas vous sauf si vous \u00eates  un pirate informatique dans ce cas l\u00e0 c&rsquo;est un autre probl\u00e8me).<\/strong><\/li>\n\n\n\n<li><strong><span class=\"has-inline-color has-vivid-red-color\">LiteSpeed Cache<\/span><\/strong> : cela sert \u00e0 rendre ce blog plus rapide et agr\u00e9able \u00e0 utiliser en remettant tout en r\u00e9serve (cache) comme son nom l&rsquo;indique. Parfois, il fait m\u00eame mieux en optimisant la taille des images du blog ! Aucune donn\u00e9e personnelle n&rsquo;est collect\u00e9e par cette extension.<\/li>\n<\/ul>\n\n\n\n<h2 class=\"wp-block-heading\" id=\"COOKIE\">DES COOKIES ? MOI PAS SAVOIR CE QUE C&rsquo;EST COOKIE.<\/h2>\n\n\n\n<p>Je suis \u00e9go\u00efste. Je ne partage pas mes cookies. Ces cookies sont pour moi.<\/p>\n\n\n\n<h2 class=\"wp-block-heading\"><mark style=\"background-color:rgba(0, 0, 0, 0)\" class=\"has-inline-color has-vivid-red-color\">FIN DE LA LECTURE.<\/mark> Le reste est pour la culture g\u00e9n\u00e9rale.<\/h2>\n\n\n\n<h2 class=\"wp-block-heading\">Commentaires<\/h2>\n\n\n\n<p>Quand vous laissez un commentaire sur mon site, les donn\u00e9es inscrites dans le formulaire de commentaire, mais aussi votre adresse IP et l\u2019agent utilisateur de votre navigateur sont collect\u00e9s pour m&rsquo;aider \u00e0 la d\u00e9tection des commentaires ind\u00e9sirables.<\/p>\n\n\n\n<p>Une cha\u00eene anonymis\u00e9e cr\u00e9\u00e9e \u00e0 partir de votre adresse e-mail (\u00e9galement appel\u00e9e hash) peut \u00eatre envoy\u00e9e au service Gravatar pour v\u00e9rifier si vous utilisez ce dernier. Les clauses de confidentialit\u00e9 du service Gravatar sont disponibles ici&nbsp;: https:\/\/automattic.com\/privacy\/. Apr\u00e8s validation de votre commentaire, votre photo de profil sera visible publiquement \u00e0 cot\u00e9 de votre commentaire.<\/p>\n\n\n\n<h2 class=\"wp-block-heading\">M\u00e9dias<\/h2>\n\n\n\n<p>Si vous envoyez des images sur le site, je vous conseille d\u2019\u00e9viter l&rsquo;envoie d&rsquo;images contenant des donn\u00e9es EXIF de coordonn\u00e9es GPS. Les personnes visitant mon site peuvent t\u00e9l\u00e9charger et extraire des donn\u00e9es de localisation depuis ces images <strong>(pour vous retrouver si les donn\u00e9es EXIF GPS correspondent \u00e0 celui de votre logement)<\/strong>.<\/p>\n\n\n\n<h2 class=\"wp-block-heading\"><s>Cookies<\/s><\/h2>\n\n\n\n<p><s>Si vous d\u00e9posez un commentaire sur mon site, il vous sera propos\u00e9 d\u2019enregistrer votre nom, adresse e-mail et site dans des cookies. C\u2019est uniquement pour votre confort afin de ne pas avoir \u00e0 saisir ces informations si vous d\u00e9posez un autre commentaire plus tard. Ces cookies expirent au bout d\u2019un an.<\/s><\/p>\n\n\n\n<p><s>Si vous vous rendez sur la page de connexion, un cookie temporaire sera cr\u00e9\u00e9 afin de d\u00e9terminer si votre navigateur accepte les cookies. Il ne contient pas de donn\u00e9es personnelles et sera supprim\u00e9 automatiquement \u00e0 la fermeture de votre navigateur.<\/s><\/p>\n\n\n\n<p><s>Lorsque vous vous connecterez, je mettrai en place un certain nombre de cookies pour enregistrer vos informations de connexion et vos pr\u00e9f\u00e9rences d\u2019\u00e9cran. La dur\u00e9e de vie d\u2019un cookie de connexion est de deux jours, celle d\u2019un cookie d\u2019option d\u2019\u00e9cran est d\u2019un an. Si vous cochez <strong>\u00ab&nbsp;Se souvenir de moi&nbsp;\u00bb<\/strong>, votre cookie de connexion sera conserv\u00e9 pendant deux semaines. <strong>Si vous vous d\u00e9connectez de votre compte, le cookie de connexion sera effac\u00e9.<\/strong><\/s><\/p>\n\n\n\n<p><s>En modifiant ou en publiant une publication, un cookie suppl\u00e9mentaire sera enregistr\u00e9 dans votre navigateur. Ce cookie ne comprend aucune donn\u00e9e personnelle. Il indique simplement l\u2019ID de la publication que vous venez de modifier. Il expire au bout d\u2019un jour.<\/s><\/p>\n\n\n\n<p><strong><span class=\"has-inline-color has-vivid-red-color\">Je vous ai d\u00e9j\u00e0 dit que je ne partage pas mes cookies ! C&rsquo;est plut\u00f4t la mention ci-dessous qui vous les partagent.<\/span><\/strong><\/p>\n\n\n\n<h2 class=\"wp-block-heading\">Contenu embarqu\u00e9 depuis d\u2019autres sites<\/h2>\n\n\n\n<p>Les articles de ce site peuvent inclure des contenus int\u00e9gr\u00e9s (par exemple des vid\u00e9os, images, articles\u2026). Le contenu int\u00e9gr\u00e9 depuis d\u2019autres sites se comporte de la m\u00eame mani\u00e8re que si le visiteur se rendait sur cet autre site.<\/p>\n\n\n\n<p>Ces sites web pourraient collecter des donn\u00e9es sur vous, utiliser des cookies, embarquer des outils de suivis tiers, suivre vos interactions avec ces contenus embarqu\u00e9s si vous disposez d\u2019un compte connect\u00e9 sur leur site web.<\/p>\n\n\n\n<h2 class=\"wp-block-heading\">Utilisation et transmission de vos donn\u00e9es personnelles<\/h2>\n\n\n\n<p>Si vous demandez une r\u00e9initialisation de votre mot de passe, votre adresse IP sera incluse dans l\u2019e-mail de r\u00e9initialisation.<\/p>\n\n\n\n<h2 class=\"wp-block-heading\">Dur\u00e9es de stockage de vos donn\u00e9es<\/h2>\n\n\n\n<p>Si vous laissez un commentaire, le commentaire et ses m\u00e9tadonn\u00e9es sont conserv\u00e9s ind\u00e9finiment. Cela permet de reconna\u00eetre et approuver automatiquement les commentaires suivants au lieu de les laisser dans la file de mod\u00e9ration.<\/p>\n\n\n\n<p>Pour les comptes qui s\u2019inscrivent sur mon site (le cas \u00e9ch\u00e9ant), je stocke \u00e9galement les donn\u00e9es personnelles indiqu\u00e9es dans leur profil. Tous les comptes peuvent voir, modifier ou supprimer leurs informations personnelles \u00e0 tout moment (\u00e0 l\u2019exception de leur identifiant). Les gestionnaires du site peuvent aussi voir et modifier ces informations.<\/p>\n\n\n\n<h2 class=\"wp-block-heading\">Les droits que vous avez sur vos donn\u00e9es<\/h2>\n\n\n\n<p>Si vous avez un compte ou si vous avez laiss\u00e9 des commentaires sur le site, vous pouvez demander \u00e0 recevoir un fichier contenant toutes les donn\u00e9es personnelles que je poss\u00e8de \u00e0 votre sujet, incluant celles que vous m&rsquo;avez fournies. Vous pouvez \u00e9galement demander la suppression des donn\u00e9es personnelles vous concernant. Cela ne prend pas en compte les donn\u00e9es stock\u00e9es \u00e0 des fins administratives, l\u00e9gales ou pour des raisons de s\u00e9curit\u00e9.<\/p>\n\n\n\n<p class=\"has-vivid-red-color has-text-color\"><strong>Courriel : Arpe5@ecomail.fr<\/strong><\/p>\n\n\n\n<h2 class=\"wp-block-heading\">Transmission de vos donn\u00e9es personnelles<\/h2>\n\n\n\n<p>Les commentaires des visiteurs peuvent \u00eatre v\u00e9rifi\u00e9s \u00e0 l\u2019aide d\u2019un service automatis\u00e9 de d\u00e9tection des commentaires ind\u00e9sirables.<\/p>\n","protected":false},"excerpt":{"rendered":"<p>Quand vous visitez mon site, les donn\u00e9es inscrites dans le formulaire de commentaire, mais aussi votre adresse IP, l\u2019agent utilisateur de votre navigateur sont collect\u00e9s pour aider \u00e0 conna\u00eetre mon audience et on a tous compris que c&rsquo;est le genre de page typique pour simplement dire que je suis en r\u00e8gle avec les lois du pays. Soyons direct. Je vais vous dire ce qu&rsquo;il faut savoir en moins de 5 minutes chrono. Ce blog WordPress fait partie des plus basiques&#8230;<\/p>\n<p class=\"read-more\"><a class=\"btn btn-default\" href=\"https:\/\/arpe5.fr\/?page_id=6\">Lire la suite<span class=\"screen-reader-text\"> Lire la suite<\/span><\/a><\/p>\n","protected":false},"author":1,"featured_media":0,"parent":0,"menu_order":0,"comment_status":"closed","ping_status":"closed","template":"","meta":{"_seopress_robots_primary_cat":"","_seopress_titles_title":"","_seopress_titles_desc":"Matomo, SEOPress, Limit Login Attempts Reloaded et LiteSpeed Cache sont mes seules extensions que j&#039;ai !","_seopress_robots_index":"","inline_featured_image":false,"footnotes":""},"class_list":["post-6","page","type-page","status-publish","hentry"],"_links":{"self":[{"href":"https:\/\/arpe5.fr\/index.php?rest_route=\/wp\/v2\/pages\/6","targetHints":{"allow":["GET"]}}],"collection":[{"href":"https:\/\/arpe5.fr\/index.php?rest_route=\/wp\/v2\/pages"}],"about":[{"href":"https:\/\/arpe5.fr\/index.php?rest_route=\/wp\/v2\/types\/page"}],"author":[{"embeddable":true,"href":"https:\/\/arpe5.fr\/index.php?rest_route=\/wp\/v2\/users\/1"}],"replies":[{"embeddable":true,"href":"https:\/\/arpe5.fr\/index.php?rest_route=%2Fwp%2Fv2%2Fcomments&post=6"}],"version-history":[{"count":5,"href":"https:\/\/arpe5.fr\/index.php?rest_route=\/wp\/v2\/pages\/6\/revisions"}],"predecessor-version":[{"id":157,"href":"https:\/\/arpe5.fr\/index.php?rest_route=\/wp\/v2\/pages\/6\/revisions\/157"}],"wp:attachment":[{"href":"https:\/\/arpe5.fr\/index.php?rest_route=%2Fwp%2Fv2%2Fmedia&parent=6"}],"curies":[{"name":"wp","href":"https:\/\/api.w.org\/{rel}","templated":true}]}}